229183517 a prime number?
True
Is 14975863 a composite number?
True
Is 5159159 composite?
False
Is 7139437 prime?
True
Is 109057799 a composite number?
False
Is 109350779 a prime number?
True
Is 113603381 a composite number?
False
Is 261937187 composite?
False
Is 281956379 composite?
True
Is 753563 composite?
True
Is 10047685 prime?
False
Is 3676919 a composite number?
True
Is 8226389 a prime number?
True
Is 132019 prime?
True
Is 19765085 a composite number?
True
Is 3533239 prime?
True
Is 249015647 composite?
True
Is 2218849 composite?
True
Is 60511 prime?
False
Is 12740207 a prime number?
False
Is 52804195 prime?
False
Is 164269681 a composite number?
False
Is 157544159 composite?
False
Is 209453 a composite number?
True
Is 65700741 a prime number?
False
Is 1413508747 a prime number?
False
Is 8641681 composite?
True
Is 762667247 composite?
False
Is 578577859 a prime number?
True
Is 1927223 a prime number?
True
Is 22704823 a composite number?
True
Is 2665165 composite?
True
Is 7717271 a composite number?
True
Is 12978109 a prime number?
False
Is 74233 prime?
False
Is 20549381 a composite number?
False
Is 16198309 a composite number?
False
Is 9957517 prime?
False
Is 26872337 composite?
False
Is 563386063 a composite number?
True
Is 8274301 a prime number?
False
Is 28458761 composite?
True
Is 31076231 a prime number?
True
Is 109008881 prime?
False
Is 7945009 a prime number?
False
Is 94739 prime?
False
Is 588448879 prime?
True
Is 58413011 a composite number?
True
Is 4418003 a composite number?
True
Is 84173549 composite?
False
Is 527018627 prime?
False
Is 101327354 prime?
False
Is 28336813 a composite number?
True
Is 6261809 a prime number?
True
Is 2209169 a prime number?
True
Is 1013261 a composite number?
True
Is 10212277 a composite number?
False
Is 20474249 a composite number?
False
Is 192695161 a prime number?
True
Is 27693223 prime?
True
Is 344157109 a prime number?
True
Is 49236563 prime?
True
Is 9000839 prime?
True
Is 11314243 a prime number?
False
Is 4275434 composite?
True
Is 5074627 composite?
False
Is 18156157 composite?
True
Is 1441810577 a composite number?
True
Is 176191 a prime number?
True
Is 83189017 composite?
True
Is 225647903 a composite number?
True
Is 6230677 a composite number?
True
Is 35507479 a prime number?
False
Is 81243749 a prime number?
False
Is 97366985 a prime number?
False
Is 519499 prime?
True
Is 112372294 a prime number?
False
Is 36692923 prime?
True
Is 12022523 prime?
False
Is 16162999 a prime number?
True
Is 9321971 composite?
True
Is 21373057 composite?
True
Is 351294299 composite?
True
Is 111464827 a composite number?
True
Is 1255399 prime?
False
Is 284081 composite?
True
Is 42816061 composite?
False
Is 2099 prime?
True
Is 104295143 a composite number?
True
Is 3317723 a composite number?
True
Is 20013937 composite?
False
Is 1814111 prime?
False
Is 304573 a composite number?
True
Is 9874313 a prime number?
True
Is 5058169 a composite number?
False
Is 36723147 prime?
False
Is 218347543 a prime number?
False
Is 10789391 a prime number?
False
Is 15999097 composite?
True
Is 23288983 a composite number?
True
Is 23711143 a prime number?
True
Is 1834521899 prime?
False
Is 10321229 composite?
False
Is 500842969 a composite number?
True
Is 47160559 a composite number?
False
Is 28852841 prime?
True
Is 4188643 a prime number?
False
Is 128685703 a composite number?
False
Is 3171383 prime?
True
Is 18633781 a prime number?
False
Is 91662763 a prime number?
True
Is 126925297 a composite number?
True
Is 50483987 composite?
False
Is 67809509 a composite number?
True
Is 625991563 a composite number?
False
Is 327533 composite?
True
Is 21763883 composite?
False
Is 31401439 composite?
False
Is 2376769 a prime number?
False
Is 145974539 prime?
True
Is 158252701 prime?
True
Is 673339 composite?
False
Is 2087669 a composite number?
False
Is 6108341 a prime number?
True
Is 18519115 a composite number?
True
Is 1132699 a prime number?
False
Is 848803211 a prime number?
False
Is 15124441 a prime number?
False
Is 1791103 composite?
True
Is 35796557 composite?
False
Is 2695787 prime?
True
Is 9172049 a prime number?
True
Is 1516007 a prime number?
True
Is 657361939 a composite number?
True
Is 21961349 a prime number?
True
Is 19303433 a composite number?
False
Is 293204443 composite?
True
Is 791617 composite?
True
Is 16983677 prime?
True
Is 3114779 composite?
True
Is 21729781 composite?
False
Is 75767123 composite?
False
Is 13328053 prime?
True
Is 7796741 prime?
True
Is 111642581 composite?
False
Is 91630127 a prime number?
False
Is 13043707 a composite number?
True
Is 78486119 prime?
True
Is 476755399 a composite number?
False
Is 82261939 prime?
True
Is 137113921 a prime number?
False
Is 207861779 prime?
False
Is 6561911 a composite number?
False
Is 29173429 composite?
True
Is 24766733 a composite number?
False
Is 8562129 prime?
False
Is 90547411 composite?
False
Is 35211859 prime?
False
Is 1585583 prime?
True
Is 18774043 prime?
True
Is 938929 prime?
False
Is 92993083 composite?
True
Is 17977951 prime?
False
Is 10725733 a composite number?
True
Is 118428733 a prime number?
False
Is 427520791 a prime number?
False
Is 9284953 prime?
True
Is 5163787 composite?
False
Is 19436915 prime?
False
Is 2579267 a composite number?
True
Is 1824989 prime?
True
Is 3574958 composite?
True
Is 532227 prime?
False
Is 4307437 composite?
False
Is 298226083 composite?
True
Is 67515951 a prime number?
False
Is 122936693 a prime number?
False
Is 58269905 composite?
True
Is 64776619 a composite number?
True
Is 9276971 a composite number?
True
Is 41455559 a composite number?
True
Is 116037191 prime?
False
Is 29231981 a composite number?
False
Is 14489263 composite?
False
Is 79860343 a prime number?
True
Is 87102859 a composite number?
True
Is 482387 a composite number?
False
Is 1611173 a prime number?
False
Is 22972111 a prime number?
True
Is 3224717 a composite number?
True
Is 25059431 a composite number?
True
Is 668201 a composite number?
False
Is 4692053 a composite number?
False
Is 18436069 prime?
True
Is 25584998 composite?
True
Is 9358667 composite?
False
Is 410040593 a prime number?
True
Is 615869 prime?
True
Is 56105362 a prime number?
False
Is 1210331 a composite number?
True
Is 516793 a composite number?
False
Is 134659241 prime?
False
Is 943725169 prime?
True
Is 3354553 a composite number?
False
Is 52501 prime?
True
Is 28143239 a composite number?
False
Is 102037405 a composite number?
True
Is 39145 a prime number?
False
Is 1860247 a composite number?
True
Is 78403487 prime?
True
Is 19590763 a prime number?
True
Is 9842557 a composite number?
True
Is 6394877 prime?
False
Is 171006019 a prime number?
False
Is 265121 composite?
True
Is 13031981 composite?
False
Is 12721759 a composite number?
True
Is 11939729 a prime number?
False
Is 83823 prime?
False
Is 22365731 a prime number?
True
Is 67498853 prime?
False
Is 6883927 a prime number?
True
Is 50390657 prime?
False
Is 150816671 composite?
False
Is 80767318 a composite number?
True
Is 689089 a prime number?
True
Is 72036131 a composite number?
False
Is 2485529 composite?
True
Is 1564807 a composite number?
False
Is 280001897 prime?
False
Is 1970413 a prime number?
True
Is 34199219 composite?
True
Is 1451603 a composite number?
False
Is 63226663 a composite number?
True
Is 107229791 a prime number?
False
Is 103541 composite?
True
Is 67531601 a prime number?
False
Is 948191 prime?
False
Is 1361 a composite number?
False
Is 117343357 a composite number?
False
Is 1926377 prime?
True
Is 3663059 a prime number?
True
Is 3093837 a prime number?
False
Is 32150267 prime?
True
Is 4657117 prime?
True
Is 72502073 composite?
True
Is 7940239 a composite number?
False
Is 8158141 a composite number?
True
Is 16871663 a prime number?
True
Is 13198723 composite?
False
Is 123042113 a prime number?
False
Is 72650759 a prime number?
True
Is 6421999 prime?
False
Is 123763 a prime number?
False
Is 194749 a prime number?
True
Is 621337 prime?
True
Is 722014393 a composite number?
False
Is 3364397369 a prime number?
True
Is 1079627 composite?
True
Is 766723969 a composite number?
True
Is 14807293 composite?
False
Is 16224185 prime?
False
Is 318421447 prime?
True
Is 73698503 composite?
False
Is 92646803 a prime number?
True
Is 80